e (d/15 - -4)*5*1. Calculate the greatest common factor of 52 and b.
13
Let b be (7/(-35))/(4/(-220)). Suppose b*k = 435 + 357. Let m = 31 + -22. Calculate the greatest common factor of k and m.
9
Let f = -135 - -164. Suppose 43*v - f*v - 1372 = 0. Calculate the highest common factor of v and 147.
49
Let x = -6726 + 7244. What is the greatest common factor of x and 70?
14
Suppose 3*u - 2*f - 4 = 22, -f = -4*u + 43. Let r(w) = w + 19. Let p be r(u). Suppose p = -t + 2*t. Calculate the highest common divisor of t and 279.
31
Suppose -69*m = 35*m - 16224. What is the greatest common divisor of m and 12636?
156
Suppose j - 197 = 3*h + 207, 4*h - 4*j + 544 = 0. Suppose 0*t = -3*d + 3*t + 585, -d + 199 = t. Let x = d + h. What is the greatest common factor of 7 and x?
7
Let q(w) = 14*w**2 + 7*w + 5. Let b be q(5). Let l(g) = -g**3 + 26*g**2 + 3*g - 52. Let n be l(26). Calculate the highest common factor of n and b.
26
Suppose 260*k = -83*k + 50235 - 7017. What is the highest common factor of k and 791?
7
Let g = -160 + 189. Suppose 0*b - 4*b = 0. Suppose b = 2*c + c - 609. What is the greatest common factor of g and c?
29
Suppose -9 = 4*n - 29. Suppose -10*f = -n*f + 130. Let g = -25 - f. What is the highest common divisor of 1 and g?
1
Suppose 3492 + 40626 = 86*k. Calculate the highest common divisor of 18 and k.
9
Let l be 155/((-6494)/406 - -16). What is the highest common divisor of 29 and l?
29
Suppose -3127 = -2*x - 34*x + 13001. Calculate the highest common factor of 294 and x.
14
Let h be (-62)/((140/(-63))/10). What is the greatest common divisor of h and 155?
31
Suppose 41 = 2*y + c, -y + 31 = -2*c + 6*c. Suppose -385*o + 394*o = 9. Calculate the highest common factor of o and y.
1
Let m be (-294)/147*-173*13/2. What is the greatest common divisor of m and 26?
13
Suppose 3*s - s - 5*l = 524, 0 = -2*s + 3*l + 516. Suppose -10*y - s = -17*y. Calculate the greatest common divisor of y and 99.
9
Let h(u) = 4*u + 1. Let b be h(4). Let w be (0 + 7)*(-30)/6. Let p = w - -52. What is the greatest common factor of p and b?
17
Suppose -175 = -33*q + 8*q. Suppose 5*w = -q*w + 888. Calculate the highest common divisor of w and 222.
74
Let i(x) = -2*x**3 - 44*x**2 - 121*x + 49. Let k be i(-21). Calculate the greatest common factor of 56 and k.
28
Suppose 7*x - 2*x = -5*w + 5965, -2*x - 4*w + 2402 = 0. Calculate the greatest common divisor of x and 15.
15
Let k be ((-74)/3)/(2/(-3)). Suppose 1620*h - 1483*h = 238243. What is the highest common factor of k and h?
37
Suppose 0 = -f + 4*f - 945. Let j be 12 - 8*1140/(-80). Calculate the greatest common factor of f and j.
63
Let u = 1 - -2. Suppose 0 = -u*o + 36 + 6. Suppose 488 = 13*d - 240. What is the highest common factor of d and o?
14
Suppose -2*w - 4*x + 27 = -x, x - 69 = -4*w. Let o(p) = -32*p + 10. Let l be o(-7). What is the highest common factor of l and w?
18
Let v be (8 - 6)/((-9)/(-99)). Calculate the highest common factor of v and 3014.
22
Suppose -25*n = -944 - 556. What is the greatest common divisor of n and 810?
30
Suppose 2*b - 392 = 2*p - 6*p, -2*b + 5*p = -392. Let o = -187 + b. Suppose -26 = h - 125. Calculate the greatest common divisor of o and h.
9
Suppose -5*h - 10 = 0, 0 = 5*k - 2*k - 2*h - 52. Suppose -112 = v - 2*v. Calculate the greatest common divisor of v and k.
16
Suppose -63*q - 162984 = -75*q. Suppose -34*m + 11816 = -q. What is the highest common divisor of m and 9?
9
Suppose -4*d - 4*b + 1044 = 0, -d + b = -22 - 245. Suppose -2*m + 14*m - d = 0. What is the highest common factor of m and 176?
22
Let p(f) = 3*f**2 - 24*f - 83. Let t be p(-5). Suppose -b = -3*b + 42. Let v be 6/9*1*b. Calculate the highest common factor of v and t.
14
Let g be -3 + -1*350/(-4 + -1). Suppose -g*y - 48 = -71*y. Calculate the greatest common factor of 384 and y.
12
Let n(x) = 43*x - 115. Let k be n(19). Suppose k = -11*s + 2275. Calculate the greatest common factor of s and 33.
11
Suppose 0 = r - 0*r - 30*r + 9657. Calculate the greatest common divisor of 108 and r.
9
Let k = 373 + -218. Let o = -78 + k. What is the highest common divisor of 385 and o?
77
Let t = 33 - 34. Let i be (-6)/(-1) + 2/t. Suppose -i = -3*x + 32. Calculate the greatest common divisor of x and 12.
12
Suppose 0 = w + 2*w + 5*c - 16, 8 = w - c. Let g = -51 - -51. Suppose g = 4*z, r - 2*z = -0 + 7. What is the highest common factor of r and w?
7
Suppose 2*x + 3*b = -2*x + 18, 5*x - 5 = 5*b. Let v = -550 - -555. Suppose 2*i = x*i - n - 36, -5*n + v = 0. What is the greatest common divisor of i and 185?
37
Let l be (18 - (-2 + 0))/((-4)/(-8)). Suppose 5*x - 4*m - 63 = 0, -l*x + 5*m = -37*x - 43. Calculate the highest common factor of x and 55.
11
Let z = -38 + 43. Suppose -3 = -f + 4*f - z*i, 3*f = 2*i + 6. Suppose 0 = d - 2*j - 15, -3*d + d - f*j + 38 = 0. What is the highest common factor of 187 and d?
17
Let v(q) = -q**3 + 24*q**2 - 22*q - 12. Let u be v(23). Suppose -a - u*a = -432. What is the highest common divisor of 36 and a?
36
Suppose 13*g - 76 - 106 = 0. Suppose -4*n + 2*a + 558 = 0, -9*a = n - g*a - 135. Suppose -4*t = -7*t + 105. What is the highest common divisor of t and n?
35
Suppose -14*u + 1366 = -104. What is the highest common factor of 12810 and u?
105
Suppose j + 3*j = 120. Suppose -3*n - u + j = 3*u, 0 = 2*u + 6. Let w be (-16536)/(-1170) - 2/15. Calculate the highest common divisor of n and w.
14
Let c = 55638 - 55624. Suppose -4*b = 3*l - 3*b - 19, -2*l + 16 = -b. Calculate the greatest common divisor of l and c.
7
Suppose -5*h = 5*p + 20, 4*h + 3*p + 15 - 2 = 0. Let u be (h/(-2))/((-6)/(-156)). Calculate the highest common divisor of u and 1.
1
Let s(v) = 4*v**3 - 2*v**2 + 6*v - 5. Let g be s(4). Let k = 90359 + -90332. Calculate the highest common factor of g and k.
27
Let o be ((-2400)/640)/((-684)/224 - -3). Suppose -3*p - 218 = -7*p - 2*k, -2*k - 174 = -3*p. Calculate the highest common divisor of o and p.
14
Let z be (-15)/(((-126)/12 - -10)/(12 + -1)). Let p be 4 - (-2 - (-2)/1). Suppose h - p*h + z = 0. Calculate the greatest common divisor of 10 and h.
10
Let x = -500 - -282. Let p = -199 - x. What is the highest common divisor of p and 323?
19
Let o = -20281 - -21712. Calculate the highest common divisor of o and 837.
27
Let o(g) = 23*g - 184. Let z be o(50). Calculate the highest common divisor of z and 77.
7
Suppose 4*w = 3*w - 8*w + 16380. What is the greatest common divisor of w and 546?
182
Let u = -2951 + 3127. What is the greatest common factor of 484 and u?
44
Let x be -2 - (12417/(-6) - (-5)/(-10)). What is the highest common factor of x and 282?
94
Suppose -365 = -60*w + 895. Calculate the greatest common divisor of 581 and w.
7
Let n = -12053 + 18257. What is the greatest common divisor of 198 and n?
66
Let w be 0 + (-4)/(-6) + 1179200/825. What is the highest common divisor of w and 110?
110
Let u(z) = -z**3 - z**2 + 108. Let p be u(0). Let s be 1*87 - 43/(3397/(-711)). Calculate the greatest common factor of s and p.
12
Suppose -4*h + 396 = 2*a, 400 = 2*a + 6*h - h. Let r = 355 - a. Let p = 5 - -10. Calculate the highest common factor of p and r.
15
Let k = 2270 - 2184. What is the greatest common divisor of 4730 and k?
86
Let b be (((-18)/(-3) + 4)*-5)/(-1). Let k(s) = -s + 56. Let c be k(0). Let u = c - b. What is the greatest common divisor of u and 1?
1
Suppose -74*n = -70*n + 1352. Let t = n - -438. What is the greatest common divisor of 8 and t?
4
Suppose 26*p - 1482 = -442. Calculate the highest common divisor of p and 5140.
20
Let g(y) = -558*y + 5666. Let a be g(6). What is the greatest common factor of 1464 and a?
122
Let r be 5/((-40)/(-16))*(-100)/(-1). Suppose -16*m + r = -8*m. Let y(g) = 45*g + 5. Let o be y(6). Calculate the greatest common factor of m and o.
25
Let p(s) = 2*s**2 + 10*s - 9. Let k be p(9). Let z = k + -226. What is the highest common factor of 1 and z?
1
Let f(v) = 107*v + 1226. Let h be f(-10). What is the greatest common factor of 1014 and h?
78
Let n = -1180 + 1227. Calculate the highest common divisor of n and 7.
1
Let b be (34/(-12))/(98/(-12936)). What is the highest common divisor of b and 6171?
187
Let q be -6 + (-90)/(-9) + 1 + -40. Let w be (28/q)/(2/(-50)). Suppose 5*z + 3*y = 335, 3*y + 225 - 70 = 2*z. Calculate the highest com